 5
What are the prime factors of 7160?
2, 5, 179
List the prime factors of 18576.
2, 3, 43
What are the prime factors of 21658?
2, 7, 13, 17
List the prime factors of 400.
2, 5
List the prime factors of 3894.
2, 3, 11, 59
List the prime factors of 4445.
5, 7, 127
What are the prime factors of 2248?
2, 281
List the prime factors of 6736.
2, 421
List the prime factors of 78807.
3, 109, 241
List the prime factors of 4479.
3, 1493
What are the prime factors of 28867?
28867
What are the prime factors of 3471?
3, 13, 89
What are the prime factors of 448?
2, 7
List the prime factors of 2320.
2, 5, 29
List the prime factors of 81025.
5, 7, 463
List the prime factors of 10588.
2, 2647
What are the prime factors of 12673?
19, 23, 29
What are the prime factors of 2254?
2, 7, 23
List the prime factors of 32998.
2, 7, 2357
List the prime factors of 84537.
3, 31, 101
List the prime factors of 1465.
5, 293
List the prime factors of 2797.
2797
List the prime factors of 19211.
19211
List the prime factors of 6995.
5, 1399
What are the prime factors of 62279?
7, 31, 41
List the prime factors of 1399.
1399
List the prime factors of 607.
607
List the prime factors of 67926.
2, 3, 11321
What are the prime factors of 350?
2, 5, 7
What are the prime factors of 8727?
3, 2909
List the prime factors of 3066.
2, 3, 7, 73
What are the prime factors of 6222?
2, 3, 17, 61
What are the prime factors of 7051?
11, 641
List the prime factors of 619.
619
List the prime factors of 976.
2, 61
List the prime factors of 5857.
5857
List the prime factors of 8804.
2, 31, 71
List the prime factors of 39280.
2, 5, 491
List the prime factors of 113653.
89, 1277
What are the prime factors of 861?
3, 7, 41
What are the prime factors of 127071?
3, 7, 2017
What are the prime factors of 387?
3, 43
List the prime factors of 10764.
2, 3, 13, 23
List the prime factors of 3805.
5, 761
List the prime factors of 1068.
2, 3, 89
What are the prime factors of 6383?
13, 491
List the prime factors of 14435.
5, 2887
List the prime factors of 716.
2, 179
List the prime factors of 22162.
2, 7, 1583
What are the prime factors of 1010?
2, 5, 101
List the prime factors of 595.
5, 7, 17
What are the prime factors of 735?
3, 5, 7
What are the prime factors of 20612?
2, 5153
List the prime factors of 2098.
2, 1049
What are the prime factors of 554?
2, 277
What are the prime factors of 1185?
3, 5, 79
What are the prime factors of 51764?
2, 12941
List the prime factors of 126389.
211, 599
List the prime factors of 2076.
2, 3, 173
List the prime factors of 3125.
5
What are the prime factors of 7379?
47, 157
What are the prime factors of 130339?
11, 17, 41
What are the prime factors of 334?
2, 167
List the prime factors of 5859.
3, 7, 31
What are the prime factors of 2327?
13, 179
What are the prime factors of 3047?
11, 277
List the prime factors of 6626.
2, 3313
List the prime factors of 36403.
59, 617
List the prime factors of 2666.
2, 31, 43
What are the prime factors of 1692?
2, 3, 47
List the prime factors of 1407.
3, 7, 67
What are the prime factors of 12417?
3, 4139
List the prime factors of 101741.
101741
What are the prime factors of 94583?
94583
What are the prime factors of 539?
7, 11
What are the prime factors of 317?
317
What are the prime factors of 17782?
2, 17, 523
What are the prime factors of 3212?
2, 11, 73
What are the prime factors of 25951?
25951
List the prime factors of 1871.
1871
What are the prime factors of 2063?
2063
List the prime factors of 3724.
2, 7, 19
What are the prime factors of 19615?
5, 3923
What are the prime factors of 182?
2, 7, 13
List the prime factors of 1989.
3, 13, 17
What are the prime factors of 8750?
2, 5, 7
What are the prime factors of 1706?
2, 853
What are the prime factors of 126562?
2, 63281
List the prime factors of 13328.
2, 7, 17
What are the prime factors of 1507?
11, 137
List the prime factors of 74131.
74131
What are the prime factors of 5674?
2, 2837
What are the prime factors of 16048?
2, 17, 59
What are the prime factors of 3946?
2, 1973
List the prime factors of 25272.
2, 3, 13
What are the prime factors of 8993?
17, 23
List the prime factors of 10634.
2, 13, 409
List the prime factors of 1016.
2, 127
What are the prime factors of 1001?
7, 11, 13
List the prime factors of 12098.
2, 23, 263
List the prime factors of 241.
241
List the prime factors of 3006.
2, 3, 167
What are the prime factors of 1251?
3, 139
List the prime factors of 52247.
13, 4019
List the prime factors of 83790.
2, 3, 5, 7, 19
List the prime factors of 10667.
10667
What are the prime factors of 146253?
3, 48751
What are the prime factors of 16432?
2, 13, 79
What are the prime factors of 1277?
1277
What are the prime factors of 51990?
2, 3, 5, 1733
List the prime factors of 5962.
2, 11, 271
What are the prime factors of 6385?
5, 1277
What are the prime factors of 55334?
2, 73, 379
List the prime factors of 1744.
2, 109
List the prime factors of 66658.
2, 33329
What are the prime factors of 3234?
2, 3, 7, 11
List the prime factors of 28486.
2, 14243
What are the prime factors of 13583?
17, 47
What are the prime factors of 12?
2, 3
What are the prime factors of 48122?
2, 24061
List the prime factors of 4027.
4027
List the prime factors of 23959.
13, 19, 97
What are the prime factors of 1593?
3, 59
What are the prime factors of 23?
23
List the prime factors of 1847.
1847
What are the prime factors of 12580?
2, 5, 17, 37
List the prime factors of 125.
5
What are the prime factors of 19878?
2, 3, 3313
What are the prime factors of 3837?
3, 1279
List the prime factors of 6852.
2, 3, 571
List the prime factors of 130.
2, 5, 13
What are the prime factors of 38486?
2, 7, 2749
List the prime factors of 133465.
5, 26693
List the prime factors of 1672.
2, 11, 19
What are the prime factors of 10160?
2, 5, 127
List the prime factors of 20428.
2, 5107
What are the prime factors of 266?
2, 7, 19
What are the prime factors of 28693?
7, 4099
What are the prime factors of 198?
2, 3, 11
List the prime factors of 5629.
13, 433
List the prime factors of 3833.
3833
List the prime factors of 836.
2, 11, 19
List the prime factors of 332.
2, 83
What are the prime factors of 1343?
17, 79
What are the prime factors of 1570?
2, 5, 157
What are the prime factors of 354?
2, 3, 59
What are the prime factors of 1871?
1871
List the prime factors of 53433.
3, 1979
List the prime factors of 14928.
2, 3, 311
What are the prime factors of 854?
2, 7, 61
What are the prime factors of 17199?
3, 7, 13
List the prime factors of 99897.
3, 7, 67, 71
List the prime factors of 5741.
5741
What are the prime factors of 1585?
5, 317
What are the prime factors of 12678?
2, 3, 2113
List the prime factors of 3932.
2, 983
What are the prime factors of 7982?
2, 13, 307
What are the prime factors of 718?
2, 359
List the prime factors of 15061.
15061
What are the prime factors of 58925?
5, 2357
List the prime factors of 88148.
2, 22037
List the prime factors of 28.
2, 7
What are the prime factors of 11584?
2, 181
What are the prime factors of 1448?
2, 181
List the prime factors of 4990.
2, 5, 499
What are the prime factors of 17895?
3, 5, 1193
List the prime factors of 11563.
31, 373
List the prime factors of 3883.
11, 353
List the prime factors of 701.
701
List the prime factors of 3084.
2, 3, 257
What are the prime factors of 47?
47
List the prime factors of 568.
2, 71
List the prime factors of 7703.
7703
What are the prime factors of 55049?
55049
List the prime factors of 66.
2, 3, 11
List the prime factors of 1294.
2, 647
List the prime factors of 12463.
11, 103
What are the prime factors of 746?
2, 373
List the prime factors of 43833.
3, 19, 769
What are the prime factors of 3138?
2, 3, 523
List the prime factors of 189.
3, 7
What are the prime factors of 2145?
3, 5, 11, 13
List the prime factors of 2121.
3, 7, 101
List the prime factors of 144067.
7, 11, 1871
List the prime factors of 49184.
2, 29, 53
List the prime factors of 7087.
19, 373
List the prime factors of 90041.
7, 19, 677
List the prime factors of 51179.
61, 839
List the prime factors of 595.
5, 7, 17
What are the prime factors of 54400?
2, 5, 17
List the prime factors of 21320.
2, 5, 13, 41
What are the prime factors of 573?
3, 191
List the prime factors of 4300.
2, 